r when 8349 is divided by 2754.
87
What is the remainder when 4749 is divided by 2369?
11
Calculate the remainder when 5417 is divided by 2692.
33
Calculate the remainder when 197030 is divided by 689.
665
Calculate the remainder when 151677 is divided by 3.
0
Calculate the remainder when 1212 is divided by 781.
431
Calculate the remainder when 251222 is divided by 147.
146
What is the remainder when 44511 is divided by 107?
106
What is the remainder when 132360 is divided by 16?
8
Calculate the remainder when 732750 is divided by 14954.
4
Calculate the remainder when 6005 is divided by 2977.
51
Calculate the remainder when 138653 is divided by 49.
32
Calculate the remainder when 16165 is divided by 1042.
535
What is the remainder when 1334 is divided by 189?
11
What is the remainder when 256533 is divided by 42?
39
What is the remainder when 38732 is divided by 1104?
92
What is the remainder when 6595977 is divided by 940?
937
What is the remainder when 85241 is divided by 907?
890
What is the remainder when 18126 is divided by 4529?
10
What is the remainder when 57851 is divided by 72?
35
Calculate the remainder when 8229 is divided by 2728.
45
Calculate the remainder when 166331 is divided by 74.
53
Calculate the remainder when 12633 is divided by 133.
131
Calculate the remainder when 1100405 is divided by 85.
80
What is the remainder when 3290 is divided by 54?
50
What is the remainder when 25222 is divided by 28?
22
What is the remainder when 2487 is divided by 423?
372
What is the remainder when 25589 is divided by 1223?
1129
What is the remainder when 304171 is divided by 388?
367
Calculate the remainder when 334003 is divided by 3.
1
What is the remainder when 5238 is divided by 1852?
1534
Calculate the remainder when 1034 is divided by 129.
2
What is the remainder when 12210 is divided by 101?
90
What is the remainder when 44954 is divided by 555?
554
What is the remainder when 34812 is divided by 635?
522
Calculate the remainder when 77698 is divided by 883.
877
Calculate the remainder when 118586 is divided by 23.
21
Calculate the remainder when 27603 is divided by 412.
411
What is the remainder when 144861 is divided by 81?
33
What is the remainder when 3467 is divided by 80?
27
What is the remainder when 4812 is divided by 2311?
190
What is the remainder when 154957 is divided by 241?
235
What is the remainder when 35132 is divided by 11707?
11
What is the remainder when 1976 is divided by 1722?
254
Calculate the remainder when 7771 is divided by 772.
51
Calculate the remainder when 3122 is divided by 14.
0
Calculate the remainder when 11904 is divided by 10.
4
What is the remainder when 173751 is divided by 37?
36
What is the remainder when 1459 is divided by 1220?
239
What is the remainder when 32655 is divided by 8?
7
What is the remainder when 2372 is divided by 335?
27
What is the remainder when 931922 is divided by 56?
26
What is the remainder when 30095 is divided by 114?
113
What is the remainder when 3276 is divided by 1634?
8
What is the remainder when 9435 is divided by 14?
13
Calculate the remainder when 49810 is divided by 4528.
2
What is the remainder when 26962 is divided by 31?
23
What is the remainder when 3182 is divided by 32?
14
What is the remainder when 13521 is divided by 131?
28
What is the remainder when 812641 is divided by 227?
208
What is the remainder when 606 is divided by 309?
297
Calculate the remainder when 137263 is divided by 15251.
4
What is the remainder when 3066 is divided by 283?
236
Calculate the remainder when 7859 is divided by 22.
5
What is the remainder when 61462 is divided by 225?
37
Calculate the remainder when 1363 is divided by 7.
5
Calculate the remainder when 649105 is divided by 18.
7
What is the remainder when 183036 is divided by 208?
204
What is the remainder when 2778 is divided by 81?
24
What is the remainder when 1223 is divided by 5?
3
What is the remainder when 34090 is divided by 169?
121
Calculate the remainder when 964748 is divided by 482369.
10
Calculate the remainder when 1822 is divided by 254.
44
What is the remainder when 13601 is divided by 13590?
11
What is the remainder when 12987 is divided by 4314?
45
Calculate the remainder when 29236 is divided by 1218.
4
What is the remainder when 252430 is divided by 494?
490
Calculate the remainder when 2583 is divided by 102.
33
Calculate the remainder when 166166 is divided by 27.
8
What is the remainder when 4083669 is divided by 60?
9
Calculate the remainder when 3339895 is divided by 602.
601
What is the remainder when 264015 is divided by 74?
57
What is the remainder when 270 is divided by 34?
32
Calculate the remainder when 31960 is divided by 10630.
70
Calculate the remainder when 4114247 is divided by 1750.
1747
Calculate the remainder when 536704 is divided by 562.
556
Calculate the remainder when 25993 is divided by 388.
385
Calculate the remainder when 380445 is divided by 36.
33
Calculate the remainder when 2678 is divided by 2667.
11
Calculate the remainder when 118069 is divided by 22.
17
What is the remainder when 20835 is divided by 867?
27
Calculate the remainder when 4239 is divided by 74.
21
Calculate the remainder when 18687 is divided by 299.
149
What is the remainder when 4905 is divided by 2201?
503
Calculate the remainder when 17551 is divided by 7644.
2263
Calculate the remainder when 66655 is divided by 330.
325
What is the remainder when 20075 is divided by 3339?
41
What is the remainder when 16939 is divided by 86?
83
Calculate the remainder when 1472064 is divided by 98.
6
Calculate the remainder when 13407 is divided by 609.
9
Calculate the remainder when 6180 is divided by 214.
188
Calculate the remainder when 19193 is divided by 2739.
20
What is the remainder when 8221 is divided by 949?
629
Calculate the remainder when 701 is divided by 344.
13
What is the remainder when 36782 is divided by 198?
152
What is the remainder when 24027 is divided by 534?
531
Calculate the remainder when 1437 is divided by 17.
9
Calculate the remainder when 25657 is divided by 1418.
133
Calculate the remainder when 27052 is divided by 4497.
70
Calculate the remainder when 475748 is divided by 237868.
12
What is the remainder when 8692 is divided by 100?
92
Calculate the remainder when 5279 is divided by 408.
383
Calculate the remainder when 50690 is divided by 76.
74
What is the remainder when 1033 is divided by 128?
9
Calculate the remainder when 2017 is divided by 1676.
341
What is the remainder when 5372 is divided by 215?
212
Calculate the remainder when 42683 is divided by 92.
87
Calculate the remainder when 12680 is divided by 157.
120
What is the remainder when 13568 is divided by 87?
83
What is the remainder when 4196 is divided by 384?
356
What is the remainder when 192490 is divided by 9?
7
Calculate the remainder when 103490 is divided by 103446.
44
What is the remainder when 7274 is divided by 10?
4
What is the remainder when 2951 is divided by 398?
165
What is the remainder when 11391 is divided by 37?
32
What is the remainder when 1232027 is divided by 11?
5
Calculate the remainder when 194640 is divided by 194628.
12
Calculate the remainder when 23045 is divided by 245.
15
Calculate the remainder when 174185 is divided by 21.
11
Calculate the remainder when 1396875 is divided by 95.
90
What is the remainder when 42890 is divided by 243?
122
What is the remainder when 9930 is divided by 4640?
650
Calculate the remainder when 5580 is divided by 86.
76
What is the remainder when 3076 is divided by 769?
0
Calculate the remainder when 10144 is divided by 903.
211
What is the remainder when 85344 is divided by 76?
72
Calculate the remainder when 5089 is divided by 644.
581
Calculate the remainder when 18425 is divided by 308.
253
Calculate the remainder when 89675 is divided by 380.
375
What is the remainder when 4902 is divided by 977?
17
What is the remainder when 31068 is divided by 36?
0
Calculate the remainder when 78286 is divided by 7111.
65
Calculate the remainder when 22460 is divided by 2495.
5
What is the remainder when 2977 is divided by 405?
142
What is the remainder when 1607 is divided by 267?
5
Calculate the remainder when 37743 is divided by 2903.
4
Calculate the remainder whe